{"id":2,"date":"2022-11-22T17:27:33","date_gmt":"2022-11-22T16:27:33","guid":{"rendered":"https:\/\/www.petitpont.be\/?page_id=2"},"modified":"2025-08-19T14:31:42","modified_gmt":"2025-08-19T12:31:42","slug":"page-d-exemple","status":"publish","type":"page","link":"https:\/\/www.petitpont.be\/","title":{"rendered":"Bienvenue au Petit Pont&#8230;"},"content":{"rendered":"\t\t<div data-elementor-type=\"wp-page\" data-elementor-id=\"2\" class=\"elementor elementor-2\">\n\t\t\t\t\t\t\t\t\t<section class=\"elementor-section elementor-top-section elementor-element elementor-element-9bdfe7c elementor-section-boxed elementor-section-height-default elementor-section-height-default\" data-id=\"9bdfe7c\" data-element_type=\"section\" data-settings=\"{&quot;background_background&quot;:&quot;gradient&quot;,&quot;animation&quot;:&quot;none&quot;}\">\n\t\t\t\t\t\t<div class=\"elementor-container elementor-column-gap-default\">\n\t\t\t\t\t<div class=\"elementor-column elementor-col-100 elementor-top-column elementor-element elementor-element-5e4cf71\" data-id=\"5e4cf71\" data-element_type=\"column\">\n\t\t\t<div class=\"elementor-widget-wrap elementor-element-populated\">\n\t\t\t\t\t\t\t\t<div class=\"elementor-element elementor-element-cb59f8b elementor-widget elementor-widget-image\" data-id=\"cb59f8b\" data-element_type=\"widget\" data-settings=\"{&quot;_animation&quot;:&quot;none&quot;}\" data-widget_type=\"image.default\">\n\t\t\t\t<div class=\"elementor-widget-container\">\n\t\t\t<style>\/*! elementor - v3.10.0 - 09-01-2023 *\/\n.elementor-widget-image{text-align:center}.elementor-widget-image a{display:inline-block}.elementor-widget-image a img[src$=\".svg\"]{width:48px}.elementor-widget-image img{vertical-align:middle;display:inline-block}<\/style>\t\t\t\t\t\t\t\t\t\t\t\t<img loading=\"lazy\" decoding=\"async\" width=\"678\" height=\"381\" src=\"https:\/\/www.petitpont.be\/wp-content\/uploads\/2023\/01\/102422776_10223346923528462_5881648444161916928_n-1024x576.jpg\" class=\"attachment-large size-large wp-image-189\" alt=\"\" srcset=\"https:\/\/www.petitpont.be\/wp-content\/uploads\/2023\/01\/102422776_10223346923528462_5881648444161916928_n-1024x576.jpg 1024w, https:\/\/www.petitpont.be\/wp-content\/uploads\/2023\/01\/102422776_10223346923528462_5881648444161916928_n-300x169.jpg 300w, https:\/\/www.petitpont.be\/wp-content\/uploads\/2023\/01\/102422776_10223346923528462_5881648444161916928_n-768x432.jpg 768w, https:\/\/www.petitpont.be\/wp-content\/uploads\/2023\/01\/102422776_10223346923528462_5881648444161916928_n-1536x864.jpg 1536w, https:\/\/www.petitpont.be\/wp-content\/uploads\/2023\/01\/102422776_10223346923528462_5881648444161916928_n.jpg 2040w\" sizes=\"auto, (max-width: 678px) 100vw, 678px\" \/>\t\t\t\t\t\t\t\t\t\t\t\t\t\t\t<\/div>\n\t\t\t\t<\/div>\n\t\t\t\t<div class=\"elementor-element elementor-element-f881982 elementor-widget elementor-widget-heading\" data-id=\"f881982\" data-element_type=\"widget\" data-settings=\"{&quot;_animation&quot;:&quot;none&quot;}\" data-widget_type=\"heading.default\">\n\t\t\t\t<div class=\"elementor-widget-container\">\n\t\t\t<style>\/*! elementor - v3.10.0 - 09-01-2023 *\/\n.elementor-heading-title{padding:0;margin:0;line-height:1}.elementor-widget-heading .elementor-heading-title[class*=elementor-size-]>a{color:inherit;font-size:inherit;line-height:inherit}.elementor-widget-heading .elementor-heading-title.elementor-size-small{font-size:15px}.elementor-widget-heading .elementor-heading-title.elementor-size-medium{font-size:19px}.elementor-widget-heading .elementor-heading-title.elementor-size-large{font-size:29px}.elementor-widget-heading .elementor-heading-title.elementor-size-xl{font-size:39px}.elementor-widget-heading .elementor-heading-title.elementor-size-xxl{font-size:59px}<\/style><h1 class=\"elementor-heading-title elementor-size-medium\">Dans un cadre magnifique de rochers et de for\u00eats dans l'un des plus beaux villages de Wallonie, \u00e0 Goyet, Michel et Fabienne vous ouvre les portes du Petit Pont en soir\u00e9e, du jeudi au dimanche, dans une ambiance familiale et chaleureuse.<br><br>Vous pourrez d\u00e9guster un grand nombre de bi\u00e8res sp\u00e9ciales en terrasse. Vous pourrez y contempler la magnifique vall\u00e9e du Samson avec en bruit de fond le son du ruissellement de cet affluent de la Meuse en d\u00e9gustant un repas propos\u00e9 \u00e0 la carte.<br><br>Le restaurant est compos\u00e9 de 2 magnifiques salles. L'une de 14 places, dans une ambiance plus intimiste et l'autre de 26 places avec le bar \u00e0 disposition.<\/h1>\t\t<\/div>\n\t\t\t\t<\/div>\n\t\t\t\t\t<\/div>\n\t\t<\/div>\n\t\t\t\t\t\t\t<\/div>\n\t\t<\/section>\n\t\t\t\t<section class=\"elementor-section elementor-top-section elementor-element elementor-element-f9e3140 elementor-section-boxed elementor-section-height-default elementor-section-height-default\" data-id=\"f9e3140\" data-element_type=\"section\">\n\t\t\t\t\t\t<div class=\"elementor-container elementor-column-gap-default\">\n\t\t\t\t\t<div class=\"elementor-column elementor-col-100 elementor-top-column elementor-element elementor-element-776dbb9\" data-id=\"776dbb9\" data-element_type=\"column\">\n\t\t\t<div class=\"elementor-widget-wrap elementor-element-populated\">\n\t\t\t\t\t\t\t\t<div class=\"elementor-element elementor-element-e96ff54 elementor-widget elementor-widget-image\" data-id=\"e96ff54\" data-element_type=\"widget\" data-settings=\"{&quot;_animation&quot;:&quot;none&quot;}\" data-widget_type=\"image.default\">\n\t\t\t\t<div class=\"elementor-widget-container\">\n\t\t\t\t\t\t\t\t\t\t\t\t\t\t\t<img loading=\"lazy\" decoding=\"async\" width=\"678\" height=\"452\" src=\"https:\/\/www.petitpont.be\/wp-content\/uploads\/2023\/01\/Fabienne-et-Michel-1024x683.jpg\" class=\"attachment-large size-large wp-image-338\" alt=\". .\" srcset=\"https:\/\/www.petitpont.be\/wp-content\/uploads\/2023\/01\/Fabienne-et-Michel-1024x683.jpg 1024w, https:\/\/www.petitpont.be\/wp-content\/uploads\/2023\/01\/Fabienne-et-Michel-300x200.jpg 300w, https:\/\/www.petitpont.be\/wp-content\/uploads\/2023\/01\/Fabienne-et-Michel-768x512.jpg 768w, https:\/\/www.petitpont.be\/wp-content\/uploads\/2023\/01\/Fabienne-et-Michel-1536x1024.jpg 1536w, https:\/\/www.petitpont.be\/wp-content\/uploads\/2023\/01\/Fabienne-et-Michel.jpg 1620w\" sizes=\"auto, (max-width: 678px) 100vw, 678px\" \/>\t\t\t\t\t\t\t\t\t\t\t\t\t\t\t<\/div>\n\t\t\t\t<\/div>\n\t\t\t\t\t<\/div>\n\t\t<\/div>\n\t\t\t\t\t\t\t<\/div>\n\t\t<\/section>\n\t\t\t\t<section class=\"elementor-section elementor-top-section elementor-element elementor-element-8ef7955 elementor-section-boxed elementor-section-height-default elementor-section-height-default\" data-id=\"8ef7955\" data-element_type=\"section\">\n\t\t\t\t\t\t<div class=\"elementor-container elementor-column-gap-default\">\n\t\t\t\t\t<div class=\"elementor-column elementor-col-100 elementor-top-column elementor-element elementor-element-af84007\" data-id=\"af84007\" data-element_type=\"column\">\n\t\t\t<div class=\"elementor-widget-wrap elementor-element-populated\">\n\t\t\t\t\t\t\t\t<div class=\"elementor-element elementor-element-2303fb4 elementor-button-success elementor-align-center elementor-widget elementor-widget-button\" data-id=\"2303fb4\" data-element_type=\"widget\" data-settings=\"{&quot;_animation&quot;:&quot;none&quot;}\" data-widget_type=\"button.default\">\n\t\t\t\t<div class=\"elementor-widget-container\">\n\t\t\t\t\t<div class=\"elementor-button-wrapper\">\n\t\t\t<a href=\"https:\/\/www.petitpont.be\/index.php\/contact\/\" class=\"elementor-button-link elementor-button elementor-size-sm\" role=\"button\">\n\t\t\t\t\t\t<span class=\"elementor-button-content-wrapper\">\n\t\t\t\t\t\t\t<span class=\"elementor-button-icon elementor-align-icon-left\">\n\t\t\t\t<i aria-hidden=\"true\" class=\"fas fa-phone-alt\"><\/i>\t\t\t<\/span>\n\t\t\t\t\t\t<span class=\"elementor-button-text\">R\u00e9servation par t\u00e9l\u00e9phone<\/span>\n\t\t<\/span>\n\t\t\t\t\t<\/a>\n\t\t<\/div>\n\t\t\t\t<\/div>\n\t\t\t\t<\/div>\n\t\t\t\t\t<\/div>\n\t\t<\/div>\n\t\t\t\t\t\t\t<\/div>\n\t\t<\/section>\n\t\t\t\t<section class=\"elementor-section elementor-top-section elementor-element elementor-element-5b8dbee elementor-section-boxed elementor-section-height-default elementor-section-height-default\" data-id=\"5b8dbee\" data-element_type=\"section\">\n\t\t\t\t\t\t<div class=\"elementor-container elementor-column-gap-default\">\n\t\t\t\t\t<div class=\"elementor-column elementor-col-100 elementor-top-column elementor-element elementor-element-225e733\" data-id=\"225e733\" data-element_type=\"column\">\n\t\t\t<div class=\"elementor-widget-wrap elementor-element-populated\">\n\t\t\t\t\t\t\t\t<div class=\"elementor-element elementor-element-0d476fe elementor-widget elementor-widget-heading\" data-id=\"0d476fe\" data-element_type=\"widget\" data-widget_type=\"heading.default\">\n\t\t\t\t<div class=\"elementor-widget-container\">\n\t\t\t<h1 class=\"elementor-heading-title elementor-size-medium\">Horaires<\/h1>\t\t<\/div>\n\t\t\t\t<\/div>\n\t\t\t\t\t<\/div>\n\t\t<\/div>\n\t\t\t\t\t\t\t<\/div>\n\t\t<\/section>\n\t\t\t\t<section class=\"elementor-section elementor-top-section elementor-element elementor-element-1929615 elementor-section-boxed elementor-section-height-default elementor-section-height-default\" data-id=\"1929615\" data-element_type=\"section\">\n\t\t\t\t\t\t<div class=\"elementor-container elementor-column-gap-default\">\n\t\t\t\t\t<div class=\"elementor-column elementor-col-100 elementor-top-column elementor-element elementor-element-6ecd5dd\" data-id=\"6ecd5dd\" data-element_type=\"column\">\n\t\t\t<div class=\"elementor-widget-wrap elementor-element-populated\">\n\t\t\t\t\t\t\t\t<div class=\"elementor-element elementor-element-4b7539b elementor-widget elementor-widget-text-editor\" data-id=\"4b7539b\" data-element_type=\"widget\" data-widget_type=\"text-editor.default\">\n\t\t\t\t<div class=\"elementor-widget-container\">\n\t\t\t<style>\/*! elementor - v3.10.0 - 09-01-2023 *\/\n.elementor-widget-text-editor.elementor-drop-cap-view-stacked .elementor-drop-cap{background-color:#818a91;color:#fff}.elementor-widget-text-editor.elementor-drop-cap-view-framed .elementor-drop-cap{color:#818a91;border:3px solid;background-color:transparent}.elementor-widget-text-editor:not(.elementor-drop-cap-view-default) .elementor-drop-cap{margin-top:8px}.elementor-widget-text-editor:not(.elementor-drop-cap-view-default) .elementor-drop-cap-letter{width:1em;height:1em}.elementor-widget-text-editor .elementor-drop-cap{float:left;text-align:center;line-height:1;font-size:50px}.elementor-widget-text-editor .elementor-drop-cap-letter{display:inline-block}<\/style>\t\t\t\t<p>lundi : Ferm\u00e9<br \/>mardi : Ferm\u00e9<br \/>mercredi : Ferm\u00e9<br \/>jeudi : 18:30\u201321:00<br \/>vendredi : 18:30\u201321:00<br \/>samedi : 18:30\u201321:00<br \/>dimanche : 18:30\u201321:00<\/p>\t\t\t\t\t\t<\/div>\n\t\t\t\t<\/div>\n\t\t\t\t\t<\/div>\n\t\t<\/div>\n\t\t\t\t\t\t\t<\/div>\n\t\t<\/section>\n\t\t\t\t\t\t\t<\/div>\n\t\t","protected":false},"excerpt":{"rendered":"<p>Dans un cadre magnifique de rochers et de for\u00eats dans l&rsquo;un des plus beaux villages de Wallonie, \u00e0 Goyet, Michel et Fabienne vous ouvre les portes du Petit Pont en soir\u00e9e, du jeudi au dimanche, dans une ambiance familiale et chaleureuse. Vous pourrez d\u00e9guster un grand nombre de bi\u00e8res sp\u00e9ciales en terrasse. Vous pourrez y [&hellip;]<\/p>\n","protected":false},"author":1,"featured_media":0,"parent":0,"menu_order":0,"comment_status":"closed","ping_status":"open","template":"","meta":{"footnotes":""},"class_list":["post-2","page","type-page","status-publish","hentry"],"_links":{"self":[{"href":"https:\/\/www.petitpont.be\/index.php\/wp-json\/wp\/v2\/pages\/2","targetHints":{"allow":["GET"]}}],"collection":[{"href":"https:\/\/www.petitpont.be\/index.php\/wp-json\/wp\/v2\/pages"}],"about":[{"href":"https:\/\/www.petitpont.be\/index.php\/wp-json\/wp\/v2\/types\/page"}],"author":[{"embeddable":true,"href":"https:\/\/www.petitpont.be\/index.php\/wp-json\/wp\/v2\/users\/1"}],"replies":[{"embeddable":true,"href":"https:\/\/www.petitpont.be\/index.php\/wp-json\/wp\/v2\/comments?post=2"}],"version-history":[{"count":67,"href":"https:\/\/www.petitpont.be\/index.php\/wp-json\/wp\/v2\/pages\/2\/revisions"}],"predecessor-version":[{"id":647,"href":"https:\/\/www.petitpont.be\/index.php\/wp-json\/wp\/v2\/pages\/2\/revisions\/647"}],"wp:attachment":[{"href":"https:\/\/www.petitpont.be\/index.php\/wp-json\/wp\/v2\/media?parent=2"}],"curies":[{"name":"wp","href":"https:\/\/api.w.org\/{rel}","templated":true}]}}